composite?
False
Let n(c) = -c**3 + 4*c**2 + 6*c - 6. Let p be n(5). Let u be -3111 - (-3)/(-9)*p*9. Is (-12)/(-30) - 9/(-15) - u a prime number?
True
Suppose 5*c - w - 552491 = 1506292, 4*w = -6*c + 2470576. Is c a prime number?
False
Let m = -27087 - -58556. Is m composite?
False
Let y(w) = 1420*w**2 + 232*w + 17. Is y(-13) a prime number?
True
Is (4 - 0)*(-219677)/20*(-17 + 12) composite?
False
Suppose -129237 = 5*l - 2*k - 1438247, -3*l + 785402 = -2*k. Suppose 0 = -19*g + 31*g - l. Is g a composite number?
False
Is 2/((-608955)/(-7911345) + (-2)/26) prime?
False
Is ((-24567960)/(-840))/(3/(-6)*4/(-14)) a composite number?
False
Suppose 18233 + 147154 = 87*f. Is f prime?
True
Suppose 0 = -4*d - 467 - 14681. Is 18/3 - d*1 composite?
False
Is (((-22)/11)/(-4))/((5/(-2885450))/(-1)) a composite number?
True
Let u(v) = -7789*v + 1324. Is u(-19) prime?
False
Let t = 182822 - 78365. Is t a composite number?
True
Let m(x) = 2*x**3 - x - 1. Let v be m(3). Suppose -v = 13*c - 375. Is c a prime number?
False
Suppose -l - 5*x + 18787 = 2*l, x = 2. Let r = l - 3212. Is r composite?
True
Suppose 5*m - 10 = 0, -4*x - 362 = -0*m - m. Let r = x + 102. Is ((-2721)/r)/((-1)/4) prime?
True
Let j = -98 - 2396. Let y = 3439 - j. Is y prime?
False
Let q = 50 + -12. Suppose 39*t = q*t + 36. Is 1/(-6) - (-8034)/t a composite number?
False
Let o(n) = -364*n**2 + 2*n + 2 + 362*n**2 + 12*n. Is o(6) a prime number?
False
Let z(p) = 4*p**2 - 4*p - 4. Let j be z(-1). Suppose -j*d = -2*y, -2*d + d + 6 = y. Suppose -4*r - c + 1923 = 0, 2*r - 4*r + 958 = y*c. Is r prime?
False
Let w = 410 - 405. Suppose -5*b + 4*v + 7334 = 0, w*b - 7332 = 12*v - 10*v. Is b a composite number?
True
Suppose 0*k = k - 4*g + 10, 2*k = 5*g - 5. Let v be 4 - (-2)/(k/15). Suppose -v*j + 277 = -122. Is j prime?
False
Suppose -m = 4*m. Let i(l) = 3*l**2 - 2*l - 167. Let h(z) = -10*z**2 + 6*z + 507. Let u(o) = -4*h(o) - 13*i(o). Is u(m) prime?
False
Suppose 185789 = 3*v + 2*o, -3*v - 3*o + 142278 = -43515. Is v a composite number?
False
Suppose -53552 = 9*z - 154453 - 111301. Is z composite?
True
Is (7 - 9/((-18)/(-2))) + 340933 prime?
True
Suppose 0 = -2*p + 2*z - 6442 - 798, 3*p + 10864 = z. Let n = 6407 + p. Is n composite?
True
Let z(a) = -13*a**2 - 175*a**3 - 173*a**3 + 13 + 350*a**3 - 6*a. Is z(8) prime?
True
Let z = 406809 - 222400. Is z a prime number?
True
Let s(p) be the second derivative of 3*p**5/20 - p**4/12 - 10*p. Let x be s(-1). Is 515*(0 - (3 + x)) composite?
True
Suppose 5*s - 2*l = 182167, -72*l = -s - 76*l + 36429. Is s prime?
True
Let a be 2/8 + (-1347)/(-4). Suppose -2*k + y = -673, 4*k - 451 - 894 = y. Let v = k + a. Is v composite?
False
Is (6*(-1170913)/456)/(2 + (-41)/20) composite?
True
Suppose -21042 = -2*w + 12632. Suppose 0 = -3*o - 5*d + w, 0*d + 22442 = 4*o + 3*d. Is o composite?
True
Suppose o + o - 60 = 0. Let a be (-50)/(-4)*o/25. Is (-12)/(-30) - (-10779)/a a composite number?
False
Suppose -57*z + 55*z = -2*u - 1194912, -7*u = z - 597400. Is z a prime number?
False
Let b(f) = 19150*f**2 - 309*f - 34. Is b(-9) a composite number?
False
Suppose l = -2*f - 10707, -15*f + 14*f + 53568 = -5*l. Let i = -5332 - l. Is i prime?
True
Is (63493685/69)/(5/3) prime?
False
Suppose -2*y - 148 = -140. Is (-2)/y*605306/13 prime?
False
Suppose 0 = -2*w - 3*i + 40135 + 3808, 8*i = -5*w + 109861. Is w composite?
False
Is 12/54 - 76/6*(-9383)/66 a prime number?
True
Let p be ((-2823)/(-9))/(14/6 + -2). Suppose n - p = -j + 579, 5*j = 4*n - 6044. Let u = n + 535. Is u a composite number?
True
Suppose -68*u + 16721005 = -285183. Is u composite?
False
Let w be 66270 - (-9 + 7) - 2. Suppose 4*x + 5*m = w, 3*m + 49689 = -2*x + 5*x. Is x composite?
True
Let b(a) = -2*a**3 - 14*a + 7*a**2 + 12 + a**3 - 5. Let m be 15*(8/(-30) + 6/(-15)). Is b(m) a prime number?
True
Let g = 338913 + -124166. Is g a prime number?
False
Let g(u) = 734*u**2 - u + 5. Suppose 5*o + 13 = -67. Let q be (-20)/(-90) - o/9. Is g(q) a prime number?
True
Suppose -u + 4*a = -153 - 103, -3*a = -4*u + 1050. Is (-47595)/(-11) + 6*8/u a composite number?
False
Is 12 - (191932 + -10)/(-6) prime?
False
Let x(f) = -365*f + 15. Let r be x(-17). Suppose -r = -4*y + 2*c, -19*c + 4665 = 3*y - 16*c. Is y prime?
False
Suppose -4*g = 3*o - 6 + 2, -3*o + 3*g + 39 = 0. Is (9/6)/(4/o) - -1558 a prime number?
False
Suppose -13*n + 7*n = -12. Suppose n*x + 5*m = 1268 - 391, 5*x - 2230 = -5*m. Suppose 4*w + 7 = x. Is w a composite number?
True
Suppose 0 = 399*l - 395*l + 36, 0 = -9*o + 4*l + 26376237. Is o composite?
False
Let j = 372 - 370. Suppose -4*p = 2*u - u - 2907, j*u - 2*p = 5854. Is u a prime number?
False
Let j = 173 + -163. Suppose -p - l + 354 = -765, 5*l = j. Is p composite?
False
Let a = -1144 - -2001. Let j = 1846 - a. Suppose 2*c - 1365 = -b, -2*b - c + 1735 = -j. Is b composite?
False
Let n(g) = -g**3 - 3*g**2 + 5*g + 12. Let v be n(-5). Let b(t) = 360*t + 522*t - 176*t + v*t. Is b(1) prime?
True
Let j = 308 - 626. Let d = -407 + -202. Let r = j - d. Is r composite?
True
Let u(m) = 55*m + 38431. Is u(0) prime?
True
Suppose -3*f - t - 234 - 287 = 0, 4*t - 165 = f. Let v(l) = l**2 - 15*l + 26. Let p be v(7). Let w = p - f. Is w a prime number?
False
Is (181857406/(-430))/((-290)/900 + (-4)/(-18)) composite?
True
Let c be (4 + (-8 - -3))*156. Let x = 1849 + c. Is x a composite number?
False
Let y be (-1 + 3555)*55/10. Suppose 4*d + 7*d = y. Is d prime?
True
Let m(j) = j**3 - 18*j**2 + 82*j - 8. Let t be m(8). Suppose -x + 1079 = t*u - 5*u, 2*u = 5*x + 708. Is u prime?
True
Is 16414 - (-1 + 1 + -13) a composite number?
False
Let s be 4/10*(-18 - -8). Let b(c) = 10*c**2 - 12*c - 2. Let o be b(s). Let y = -123 + o. Is y composite?
False
Let u be (-1)/5 - 3/(-13 + -2). Suppose 0 = -x - b - 63, -5*b + u*b - 25 = 0. Is ((-26303)/x)/((-2)/(-28) - 0) composite?
True
Suppose -260*f = -279*f + 607297. Is f a prime number?
True
Is ((-2)/2 - -59139) + 5/55*-11 prime?
False
Let m = -92 + 328. Let w = -1379 + m. Let l = w + 1882. Is l a prime number?
True
Is (3/(-9))/(104/(-182690664)) a prime number?
True
Suppose -4*v + 2352 = 2*d, -3*d = -2*d + 3*v - 1172. Let l(a) = -3*a**3 + a**2 + 5*a + 9. Let t be l(-6). Let p = d - t. Is p a prime number?
True
Suppose -4*m - 5*z = -33, -2*m - 9*z = -8*z - 9. Is -2*m/(12/(-53349)) a composite number?
False
Let g = 20 + -15. Suppose 0 = z - 5*r - 876, g*r - 2*r = -2*z + 1817. Suppose -3*p = -290 - z. Is p prime?
True
Suppose 85867 = k - 2*o, 343501 = 4*k + 9*o - 6*o. Is k composite?
True
Is (-84)/189*3789462/(-4) + (-11)/33 a composite number?
True
Let p = 124 - 58. Suppose 0 = -3*h + 12, -2*h - p = -5*c - h. Suppose -7*r = -c*r + 9205. Is r composite?
True
Let v be 102/(-136) - 63102/(-8). Suppose 7*d - 3*k = 10*d - 7887, 0 = -3*d + 5*k + v. Is d a composite number?
True
Suppose 5*u - 6*u = -99607. Is u a prime number?
True
Let x(r) = -3 - 79*r**2 + 192*r**2 + 240*r**2 + 6*r - 9*r**2. Is x(-2) a composite number?
False
Suppose 9 = -5*h - 1, 3*q + 3*h - 198 = 0. Suppose 74*r - 6582 = q*r. Is r composite?
False
Suppose 27*n - 42*n + 253440 = 0. Let k = n + -9689. Is k a prime number?
True
Suppose -90*p = -81*p - 477 - 2502. Is p composite?
False
Let i(h) = 232*h**2 + 3*h + 85. Is i(-6) a prime number?
True
Let t(k) = -828*k + 10493. Is t(-141) a composite number?
False
Let f be 117/6 + 1/(-2 - 0). Let i = f + -4. Is (-3984)/(-5) - (-3)/i composite?
False
Suppose -19*h - 12*h = -217. Suppose -h*w + 9*w - 52178 = 0. Is w prime?
False
Let v = -1420 + 7841. Is v a composite number?
False
Let m(r) = -168*r - 181. Let l(v) = 170*v + 180. Let a(i) = 6*l(i) + 7*m(i). Is a(-24) a prime number?
True
Let v = -203591 + 394426. Is v prime?
False
Is 156/(-1560) + (-2253851)/(-10) a prime number?
False
Let r(j) = 685*j**3 + 11*j**2 - 2*j - 59. Is r(7) a composite number?
True
Suppose -885243 - 34518 = -63*q + 1460442. Is q composite?
False
Let u(j) = -20*j - 22. Let v be u(-9). Suppose -162*y + 6940 = -v*y. Is y a prime number?
False
Suppose 0 = -25*f - 57*f - 7*f + 55158907. Is f a composite number?
False
Let p = 234 + 644. Let n = 1629 - p. Is n a composite number?
False
Is (5356316/(-70))/((-2)/5) a composite number?
False
Is (-8)/12*((-82)/(-205))/((-4)/7927035) a prime number?
True
Let p(m) = 249*m**2 - 9